11001001011010010101
Convert 5260035 (base 10) to base 9.
10806363
What is bb1688 (base 12) in base 8?
13244610
-4ffa (base 16) to base 4
-10333322
Convert c4b85 (base 14) to base 12.
1aa541
-1330411240 (base 5) to base 12
-116795b
What is 414203320 (base 5) in base 10?
1709835
Convert 301433455 (base 6) to base 11.
29887a9
-1490cd (base 14) to base 2
-10101110111001001101
13232521 (base 7) to base 5
302441003
21577 (base 12) to base 5
2402021
What is -156592 (base 16) in base 15?
-1ca73d
What is -26145327 (base 9) in base 3?
-220011112100221
11000011010010000000 (base 2) to base 14
16b6da
Convert 7a94b (base 12) to base 4.
213333023
Convert -2000120101002 (base 3) to base 5.
-233332324
-43141014 (base 6) to base 14
-251c54
Convert -16a1c88 (base 15) to base 3.
-1010222012221202
Convert -2aa728 (base 14) to base 3.
-2210122001102
579b4 (base 13) to base 7
1234020
What is 11343243 (base 5) in base 13?
39386
What is -20592 (base 14) in base 16?
-13074
What is -1316705 (base 8) in base 10?
-368069
3593b (base 12) to base 16
119ff
Convert -31234344 (base 5) to base 14.
-6a404
What is -232144430 (base 5) in base 10?
-1053115
10101000110001001011 (base 2) to base 12
294063
105301441 (base 6) to base 15
283c24
Convert 1305d3 (base 15) to base 2.
11011110110010111101
Convert 520455 (base 7) to base 3.
11112012000
Convert 13073 (base 12) to base 7.
135552
What is -2011201220 (base 3) in base 15?
-ca49
Convert 5a899 (base 14) to base 15.
45833
Convert -11111100010101000 (base 2) to base 9.
-216186
Convert -102003 (base 5) to base 11.
-25a1
Convert 201646 (base 7) to base 10.
34285
What is 561315 (base 9) in base 7?
2565263
What is -97947 (base 13) in base 7?
-2220600
23ba7a (base 12) to base 3
1002111011211
What is -10232123 (base 5) in base 11?
-5a021
Convert 30333 (base 11) to base 4.
22310202
Convert 112221011020 (base 3) to base 15.
5c136
126bdc (base 15) to base 12
367399
What is 4726888 (base 9) in base 14?
4a7d87
What is -3021223322 (base 4) in base 7?
-10010321
Convert -1101100010111110 (base 2) to base 10.
-55486
-382457 (base 9) to base 15
-488b4
What is 1001010101010011 (base 2) in base 8?
112523
1320100 (base 5) to base 11
18817
-33211310 (base 4) to base 2
-1111100101110100
Convert -631917 (base 10) to base 3.
-1012002211100
What is -244441040 (base 6) in base 2?
-10001111011111110110000
Convert 241644311 (base 7) to base 16.
e5b254
132223332011 (base 4) to base 15
a8d7eb
Convert -2100001011 (base 3) to base 6.
-552434
-111122111 (base 4) to base 16
-15695
Convert 10022210000120 (base 3) to base 2.
110101111011011000111
-13f67 (base 16) to base 8
-237547
Convert 17375 (base 11) to base 10.
24403
Convert 5071023 (base 9) to base 2.
1010010100001000001010
What is 20356015 (base 7) in base 15?
23c207
What is 112111022122 (base 3) in base 6?
10040412
What is -211048 (base 9) in base 12?
-60708
What is -9aa155 (base 13) in base 9?
-6772101
-1225154 (base 6) to base 4
-100012132
What is -74807 (base 12) in base 7?
-1205500
-85fa4 (base 16) to base 10
-548772
-1341303 (base 7) to base 16
-2b7f7
-111001122201 (base 3) to base 10
-257086
-ad769 (base 14) to base 5
-101440142
-138773 (base 13) to base 7
-4021154
Convert -214514 (base 10) to base 9.
-356228
-377a2b3 (base 12) to base 4
-221130000213
What is 67147 (base 10) in base 11?
464a3
What is 1811978 (base 10) in base 5?
430440403
What is -3330010023 (base 4) in base 2?
-11111100000100001011
What is 200bb0 (base 12) in base 7?
4146630
What is -155554022 (base 7) in base 12?
-3657a25
What is -101022220111 (base 3) in base 8?
-615073
What is 89b26 (base 12) in base 6?
3531250
Convert 213023233 (base 4) to base 10.
160495
What is -12e3d8 (base 15) in base 7?
-10503266
-200200200102 (base 3) to base 4
-1121310221
Convert -d2f23 (base 16) to base 2.
-11010010111100100011
What is 76600 (base 9) in base 14?
14719
-233e (base 15) to base 16
-1d3c
-321310302 (base 5) to base 6
-45003415
7c7420 (base 13) to base 8
13221050
What is -324565 (base 11) in base 2?
-1111110100100100011
-2020101102101 (base 3) to base 10
-1188577
What is 2436088 (base 12) in base 3?
111020200000212
96cc3 (base 16) to base 15
c302c
What is -498b185 (base 12) in base 10?
-14368565
2022a97 (base 12) to base 7
102104335
What is -210021101110201 (base 3) in base 2?
-101011001000001011001011
-100012023 (base 4) to base 6
-1225123
-45134 (base 7) to base 10
-11393
-378095 (base 12) to base 11
-56941a
What is -a1a42 (base 15) in base 2?
-1111100111111000001
What is -16b572 (base 12) in base 15?
-7b6e2
Convert -59367 (base 15) to base 10.
-284272
What is a0b3 (base 13) in base 5?
1201431
What is 3220132330 (base 4) in base 6?
32224324
-9ab1 (base 12) to base 15
-511a
332022 (base 6) to base 12
14012
-5a62 (base 13) to base 14
-4911
-5602601 (base 8) to base 9
-2748534
What is 317315 (base 9) in base 3?
100121100112
What is 144001 (base 7) in base 11?
19969
410211122 (base 5) to base 8
6222056
What is 100000001100000010011111 (base 2) in base 5?
4130003134
What is 73641477 (base 8) in base 12?
5302313
What is -4030231204 (base 5) in base 14?
-10d97bd
What is 123201210 (base 4) in base 14?
2d12c
What is 2503023 (base 6) in base 14?
365b9
Convert c78c7 (base 13) to base 6.
11412534
Convert -1011220 (base 3) to base 9.
-1156
What is -22e98 (base 16) in base 10?
-143000
Convert -22110442 (base 7) to base 13.
-517849
What is -11110010111010011 (base 2) in base 14?
-33479
Convert -3222024 (base 5) to base 16.
-d56f
Convert -2314231 (base 9) to base 13.
-349a86
9c640 (base 14) to base 11
23a478
Convert -61b25 (base 12) to base 16.
-1f30d
What is -12021011002 (base 3) in base 15?
-20a88
What is 32222302 (base 4) in base 3?
10001102021
87dc0 (base 15) to base 13
121680
Convert 1012202000222 (base 3) to base 9.
1182028
What is 2cb109 (base 14) in base 15?
20e489
What is 3165614 (base 7) in base 2?
1011110010010000100
What is -127443 (base 8) in base 4?
-22330203
5b7b4b (base 14) to base 8
13747307
5453254 (base 6) to base 7
2210614
What is -22211221201 (base 3) in base 13?
-61399
-94d4a (base 14) to base 9
-606820
What is -4a81a4 (base 12) in base 15?
-1907da
What is 4354240 (base 8) in base 2?
100011101100010100000
What is 12374 (base 12) in base 3?
1020220021
Convert -1000110111111011 (base 2) to base 3.
-1211212012
What is -110101111212101 (base 3) in base 2?
-11001000111011110100110
-1a014 (base 15) to base 8
-244652
Convert -2811357 (base 9) to base 7.
-16054063
What is -45461030 (base 7) in base 8?
-17076777
-19a6760 (base 11) to base 12
-1169a89
What is 5353aa (base 12) in base 13?
370a59
What is 86125 (base 11) in base 10?
125262
Convert 1023240 (base 6) to base 9.
75516
Convert -2121113 (base 5) to base 6.
-433355
-111011100111000100 (base 2) to base 5
-30303124
What is 222212330133 (base 4) in base 15?
ea977c
What is 5050314 (base 6) in base 9?
405041
What is -388b1 (base 15) in base 12?
-887a1
-501242 (base 8) to base 16
-282a2
Convert 5651630 (base 7) to base 6.
23012502
What is -27234a (base 12) in base 14?
-12b9b4
What is 1792a8 (base 11) in base 13?
98754
Convert 7056240 (base 9) to base 5.
1430214324
What is 2b665 (base 15) in base 5?
13433240
What is -1752844 (base 9) in base 10?
-979735
b18194 (base 16) to base 12
3a90104
Convert -8943d (base 14) to base 8.
-1212077
-1342233342 (base 5) to base 6
-202310455
What is -1100100100110000001 (base 2) in base 7?
-3334156
Convert -12422021332 (base 5) to base 14.
-2096a74
10684 (base 15) to base 11
36163
252215 (base 8) to base 7
512113
Convert 829b75 (base 14) to base 8.
20636153
Convert -30229 (base 13) to base 11.
-59723
1675 (base 10) to base 7
4612
Convert -114776 (base 13) to base 9.
-684268
Convert -163622003 (base 7) to base 4.
-222211322123
What is -423426 (base 7) in base 16?
-11e3b
-68867 (base 12) to base 14
-38b83
-56892 (base 10) to base 14
-16a3a
What is -215287 (base 9) in base 11?
-8863a
What is -380900b (base 12) in base 9?
-22561012
Convert 11101010110110000000100 (base 2) to base 14.
104460c
12a4c2c (base 13) to base 16
598183
Convert 16764682 (base 9) to base 7.
131430563
What is -a50a84 (base 11) in base 2?
-110011011011000011001
What is 2330170 (base 10) in base 9?
4341347
What is 107058 (base 9) in base 11?
44269
Convert -54520 (base 11) to base 2.
-1001101010